{"id":1321,"date":"2023-12-06T16:37:20","date_gmt":"2023-12-06T15:37:20","guid":{"rendered":"https:\/\/www.stephane-herzog.com\/cv\/?page_id=1321"},"modified":"2023-12-08T12:36:18","modified_gmt":"2023-12-08T11:36:18","slug":"urbanisme","status":"publish","type":"page","link":"https:\/\/www.stephane-herzog.com\/cv\/urbanisme\/","title":{"rendered":"Urbanisme"},"content":{"rendered":"\n<p><a href=\"https:\/\/www.swisscommunity.org\/fr\/nouvelles-et-medias\/revue-suisse\/article\/le-plus-grand-immeuble-de-suisse-porte-bien-ses-60-annees\">Le plus grand immeuble de Suisse porte bien ses 60 ann\u00e9es<\/a> (Revue Suisse; avril 2022)<\/p>\n\n\n\n<p><a href=\"https:\/\/www.revue.ch\/fr\/editions\/2018\/05\/detail\/news\/detail\/News\/la-suisse-accepte-la-densite-urbaine-mais-a-contrecoeur\/\">La Suisse accepte la densit\u00e9 urbaine, mais \u00e0 contrec\u0153ur<\/a> (Revue Suisse; septembre 2018)<\/p>\n\n\n\n<p><a href=\"https:\/\/www.swisscommunity.org\/fr\/nouvelles-et-medias\/revue-suisse\/article\/bale-et-geneve-these-et-antithese-de-la-mobilite-transfrontaliere\" data-type=\"URL\" data-id=\"https:\/\/www.swisscommunity.org\/fr\/nouvelles-et-medias\/revue-suisse\/article\/bale-et-geneve-these-et-antithese-de-la-mobilite-transfrontaliere\">Th\u00e8se et antith\u00e8se de la mobilit\u00e9 entre B\u00e2le et Gen\u00e8ve<\/a> (Revue Suisse, septembre 2017)<\/p>\n\n\n\n<p><a href=\"https:\/\/www.revue.ch\/fr\/editions\/2014\/04\/detail\/news\/detail\/News\/franz-weber-ou-le-reve-dune-suisse-intacte\/\">Franz Weber o\u00f9 le r\u00eave d\u2019une Suisse intacte&nbsp;<\/a>&nbsp;(Revue des Suisses \u00e0 l\u2019\u00e9tranger; ao\u00fbt 2014)<\/p>\n\n\n\n<p><a href=\"https:\/\/www.letempsarchives.ch\/page\/LNQ_1997_10_13\/18\/article\/10013944\/Des%20ascenseurs%20suisses%20pourraient%20mettre%20un%20peu%20d%E2%80%99ordre%20dans%20les%20rues%20engorg%C3%A9es%20de%20Naples\">Des ascenseurs suisses pourraient mettre un peu d\u2019ordre dans les rues engorg\u00e9es de Naples<\/a> (Le Nouveau Quotidien; 13.10.1997)<\/p>\n","protected":false},"excerpt":{"rendered":"<p>Le plus grand immeuble de Suisse porte bien ses 60 ann\u00e9es (Revue Suisse; avril 2022) La Suisse accepte la densit\u00e9 urbaine, mais \u00e0 contrec\u0153ur (Revue Suisse; septembre 2018) Th\u00e8se et antith\u00e8se de la mobilit\u00e9 entre B\u00e2le et Gen\u00e8ve (Revue Suisse, septembre 2017) Franz Weber o\u00f9 le r\u00eave d\u2019une Suisse intacte&nbsp;&nbsp;(Revue des Suisses \u00e0 l\u2019\u00e9tranger; ao\u00fbt [&hellip;]<\/p>\n","protected":false},"author":1,"featured_media":0,"parent":0,"menu_order":0,"comment_status":"closed","ping_status":"closed","template":"","meta":[],"_links":{"self":[{"href":"https:\/\/www.stephane-herzog.com\/cv\/wp-json\/wp\/v2\/pages\/1321"}],"collection":[{"href":"https:\/\/www.stephane-herzog.com\/cv\/wp-json\/wp\/v2\/pages"}],"about":[{"href":"https:\/\/www.stephane-herzog.com\/cv\/wp-json\/wp\/v2\/types\/page"}],"author":[{"embeddable":true,"href":"https:\/\/www.stephane-herzog.com\/cv\/wp-json\/wp\/v2\/users\/1"}],"replies":[{"embeddable":true,"href":"https:\/\/www.stephane-herzog.com\/cv\/wp-json\/wp\/v2\/comments?post=1321"}],"version-history":[{"count":8,"href":"https:\/\/www.stephane-herzog.com\/cv\/wp-json\/wp\/v2\/pages\/1321\/revisions"}],"predecessor-version":[{"id":1336,"href":"https:\/\/www.stephane-herzog.com\/cv\/wp-json\/wp\/v2\/pages\/1321\/revisions\/1336"}],"wp:attachment":[{"href":"https:\/\/www.stephane-herzog.com\/cv\/wp-json\/wp\/v2\/media?parent=1321"}],"curies":[{"name":"wp","href":"https:\/\/api.w.org\/{rel}","templated":true}]}}

<p><a href="https://www.swisscommunity.org/fr/nouvelles-et-medias/revue-suisse/article/le-plus-grand-immeuble-de-suisse-porte-bien-ses-60-annees">Le plus grand immeuble de Suisse porte bien ses 60 années</a> (Revue Suisse; avril 2022)</p>



<p><a href="https://www.revue.ch/fr/editions/2018/05/detail/news/detail/News/la-suisse-accepte-la-densite-urbaine-mais-a-contrecoeur/">La Suisse accepte la densité urbaine, mais à contrecœur</a> (Revue Suisse; septembre 2018)</p>



<p><a href="https://www.swisscommunity.org/fr/nouvelles-et-medias/revue-suisse/article/bale-et-geneve-these-et-antithese-de-la-mobilite-transfrontaliere" data-type="URL" data-id="https://www.swisscommunity.org/fr/nouvelles-et-medias/revue-suisse/article/bale-et-geneve-these-et-antithese-de-la-mobilite-transfrontaliere">Thèse et antithèse de la mobilité entre Bâle et Genève</a> (Revue Suisse, septembre 2017)</p>



<p><a href="https://www.revue.ch/fr/editions/2014/04/detail/news/detail/News/franz-weber-ou-le-reve-dune-suisse-intacte/">Franz Weber où le rêve d’une Suisse intacte&nbsp;</a>&nbsp;(Revue des Suisses à l’étranger; août 2014)</p>



<p><a href="https://www.letempsarchives.ch/page/LNQ_1997_10_13/18/article/10013944/Des%20ascenseurs%20suisses%20pourraient%20mettre%20un%20peu%20d%E2%80%99ordre%20dans%20les%20rues%20engorg%C3%A9es%20de%20Naples">Des ascenseurs suisses pourraient mettre un peu d’ordre dans les rues engorgées de Naples</a> (Le Nouveau Quotidien; 13.10.1997)</p>

<p>Le plus grand immeuble de Suisse porte bien ses 60 années (Revue Suisse; avril 2022) La Suisse accepte la densité urbaine, mais à contrecœur (Revue Suisse; septembre 2018) Thèse et antithèse de la mobilité entre Bâle et Genève (Revue Suisse, septembre 2017) Franz Weber où le rêve d’une Suisse intacte&nbsp;&nbsp;(Revue des Suisses à l’étranger; août [&hellip;]</p>
